base 10
7910911
211233423 (base 5) to base 10
883613
-1011000000011010000001 (base 2) to base 9
-5376732
What is 312323330312 (base 4) in base 6?
1232400502
Convert 1221121001 (base 3) to base 9.
57531
What is 101010011010000000 (base 2) in base 5?
21024241
Convert -12414224 (base 5) to base 16.
-1e0b8
What is -74164551 (base 8) in base 13?
-336a45a
Convert 11b98b0 (base 12) to base 2.
1101010001100011000100
1bb00b (base 13) to base 14
14688a
d22a2 (base 16) to base 6
30241202
5884a3 (base 11) to base 13
268c57
Convert 21b565 (base 12) to base 13.
15ac85
Convert 7466a (base 12) to base 6.
3140214
What is 1340361 (base 9) in base 7?
6151144
333343210 (base 6) to base 5
3022012422
Convert 1000101010000011000011 (base 2) to base 10.
2269379
3add3 (base 15) to base 9
316820
1101011000011111011 (base 2) to base 5
103013043
Convert -1113423330 (base 5) to base 11.
-1446541
What is 1626860 (base 9) in base 8?
3345375
What is -14a4b7 (base 14) in base 9?
-1316428
21123233230 (base 4) to base 5
1113113230
What is 400324 (base 9) in base 2?
111001101110101101
What is 21245525 (base 6) in base 2?
10011001011100111101
What is 27384336 (base 9) in base 8?
63444004
What is -3b570 (base 13) in base 14?
-2c534
Convert 15306345 (base 7) to base 6.
51215503
Convert 486846 (base 9) to base 10.
293748
-22330 (base 5) to base 15
-710
Convert -3533214 (base 6) to base 15.
-39561
142937 (base 10) to base 4
202321121
Convert -202202313 (base 4) to base 16.
-228b7
What is -1541332 (base 9) in base 13?
-23b8b0
Convert -32301413 (base 5) to base 12.
-113341
Convert 2130 (base 6) to base 5.
3421
1145140 (base 7) to base 15
2d337
Convert 21b32 (base 15) to base 5.
11412042
-11001111101010100010001 (base 2) to base 5
-3220223003
103aa23 (base 11) to base 15
26236e
Convert 9ab60 (base 14) to base 9.
631877
Convert -1107303 (base 10) to base 5.
-240413203
-7d2807 (base 14) to base 3
-22001000001001
Convert 11440 (base 15) to base 6.
1102240
Convert 680306 (base 9) to base 6.
12420223
Convert -14550635 (base 7) to base 4.
-11103132203
Convert 122223310 (base 4) to base 5.
11444200
What is -10002112210100 (base 3) in base 11?
-a23574
-1a912b (base 15) to base 9
-2385125
1a4a045 (base 11) to base 4
31023100222
Convert -a710ef (base 16) to base 15.
-e64182
Convert 100001001100011111 (base 2) to base 3.
20220111211
101001111000110001000 (base 2) to base 5
322410202
What is 1687 (base 9) in base 7?
3526
-1030030313003 (base 4) to base 2
-1001100001100110111000011
What is 529297 (base 10) in base 5?
113414142
What is -112103021123 (base 4) in base 7?
-100454360
Convert -2022000022011 (base 3) to base 12.
-4aa41a
-14010773 (base 10) to base 11
-79aa557
What is 3660 (base 9) in base 2?
101010100111
What is -7346082 (base 9) in base 13?
-a76b22
What is 51c6cb (base 13) in base 3?
10121011112222
What is -101003000101 (base 4) in base 14?
-8447a9
Convert -11010201210001 (base 3) to base 5.
-1030333412
What is 388421 (base 10) in base 2?
1011110110101000101
-2330132101 (base 5) to base 8
-24222220
What is -6110516 (base 8) in base 9?
-3023527
What is 133202030 (base 4) in base 12?
628b8
Convert -2103a (base 15) to base 11.
-71714
-400d7 (base 14) to base 3
-21211001021
What is -11323333330 (base 4) in base 16?
-17bffc
What is 24ddc (base 15) in base 6?
2305430
What is 2337a4c (base 13) in base 2?
101001011101111000101001
What is -10111111100110001111 (base 2) in base 3?
-1110212112001
Convert 205102402 (base 7) to base 8.
56226162
-2315411 (base 8) to base 4
-2121230021
Convert 12273 (base 9) to base 8.
20067
1010000101000111001 (base 2) to base 10
330297
Convert 44611 (base 10) to base 6.
542311
Convert 18394 (base 10) to base 4.
10133122
11aed (base 16) to base 4
101223231
What is 7cd6 (base 15) in base 11?
18a25
Convert 13c79 (base 15) to base 3.
10020012020
What is -12980c (base 14) in base 2?
-10011100011110100100
-23cc9 (base 14) to base 10
-87593
-1101110110110010011 (base 2) to base 14
-bb671
-530210 (base 6) to base 16
-a75e
Convert -31450110 (base 9) to base 6.
-1300412143
-220122001012 (base 3) to base 12
-1b4695
657335 (base 9) to base 15
7b452
Convert 11110111100010110010 (base 2) to base 16.
f78b2
Convert -552431 (base 7) to base 13.
-35183
What is -11011200012 (base 3) in base 4?
-110003123
What is -20451203 (base 6) in base 9?
-1110853
-60d8 (base 14) to base 9
-24754
What is 7901 (base 11) in base 14?
3b15
What is -1404533 (base 6) in base 12?
-39749
Convert 1001101011011111000 (base 2) to base 15.
63ea1
Convert -1939061 (base 13) to base 3.
-120120100202202
-20203032 (base 4) to base 11
-24349
-10222220022020 (base 3) to base 9
-3886266
What is 22002111000100 (base 3) in base 8?
20317134
Convert -203330003330 (base 4) to base 16.
-8fc0fc
-cfe7b (base 16) to base 9
-1537128
3689935 (base 11) to base 7
105331420
Convert 243187 (base 12) to base 6.
20321051
Convert -36265323 (base 7) to base 9.
-6056733
Convert -2102201220221 (base 3) to base 5.
-312401134
-3314313 (base 7) to base 8
-1433402
52081 (base 14) to base 12
96495
What is 3c9ca (base 14) in base 11?
a2871
What is 11a7262 (base 11) in base 8?
7757311
-440475 (base 8) to base 11
-a102a
What is -5005353 (base 8) in base 13?
-36cb38
-28a79 (base 12) to base 16
-ddfd
-a621 (base 11) to base 9
-21251
What is 79021 (base 12) in base 2?
100111001111011001
-1116635 (base 7) to base 8
-417743
What is -413025110 (base 6) in base 12?
-2485196
What is -1473280 (base 9) in base 14?
-173529
1244018 (base 11) to base 7
24224202
-10301415 (base 7) to base 2
-11010101100000010011
-45451251 (base 6) to base 9
-2548884
What is 302887 (base 13) in base 10?
1119736
-1a1256 (base 12) to base 3
-212021122010
What is -20000330131 (base 4) in base 8?
-10007435
-23a69 (base 15) to base 10
-113724
4100211131 (base 5) to base 15
ac2996
-11444200 (base 5) to base 13
-3a999
-7bd94a (base 15) to base 8
-26447406
What is -1010221212021 (base 3) in base 4?
-2110300333
3a906 (base 13) to base 15
2253a
11232101 (base 7) to base 10
982745
What is -6130665 (base 10) in base 2?
-10111011000101111101001
Convert 72b71 (base 14) to base 2.
1000011100010101111
Convert 7718a (base 16) to base 4.
1313012022
What is -150541a (base 11) in base 5?
-1130141401
What is 572628 (base 11) in base 15?
12ee90
What is 43042030 (base 5) in base 12?
1556a4
Convert 2241331222 (base 5) to base 12.
182521a
1033013030 (base 4) to base 5
40332134
What is 121020002211 (base 3) in base 2?
1001101111110010010
-110121212020 (base 3) to base 4
-330222213
Convert -829c5 (base 14) to base 11.
-1a552a
-1100860 (base 9) to base 15
-ba27c
What is 5882158 (base 9) in base 3?
12222202011222
-25c11 (base 15) to base 6
-2331241
What is 270000 (base 8) in base 10?
94208
What is -95a26 (base 13) in base 6?
-5440512
Convert 1116832 (base 9) to base 4.
2102333312
Convert 2aa59 (base 15) to base 3.
20222101110
What is -1b926 (base 14) in base 13?
-26073
-15042d (base 15) to base 3
-1220111011221
Convert 32414412 (base 5) to base 10.
279357
552217 (base 13) to base 15
298bb7
What is -200b (base 15) in base 3?
-100021102
-110111110011001 (base 2) to base 4
-12332121
What is 5135470 (base 8) in base 6?
45042012
What is -120100221200102 (base 3) in base 4?
-133022000330
What is -750544 (base 8) in base 6?
-5210220
What is 22578 (base 9) in base 7?
61616
Convert 103121230 (base 5) to base 9.
743353
-a40a95 (base 11) to base 10
-1670388
42621201 (base 7) to base 3
20211201001020
-2650390 (base 10) to base 9
-4878577
Convert -104513030 (base 7) to base 6.
-343304335
What is 305023 (base 6) in base 5?
1240143
Convert 514040520 (base 6) to base 4.
201311202000
10101111100010010001000 (base 2) to base 11
3279580
What is -122022543 (base 6) in base 15?
-312256
-1432202132 (base 5) to base 15
-4ec497
Convert -2531550 (base 6) to base 16.
-2153a
1022021001 (base 4) to base 5
34204211
What is 3051423 (base 6) in base 10?
146823
Convert 131432 (base 6) to base 11.
905a
Convert 20657754 (base 8) to base 3.
22022022212212
-20331001210 (base 4) to base 9
-4366557
What is 2bb02a (base 16) in base 2?
1010111011000000101010
Convert 199012 (base 10) to base 9.
332884
What is 1110011110000010 (base 2) in base 11?
40589
What is -120010100101201 (base 3) in base 2?
-11110101010010010001010
Convert -1828a2 (base 